{"id":1070,"date":"2014-11-24T16:24:01","date_gmt":"2014-11-24T16:24:01","guid":{"rendered":"http:\/\/www.auroratrezzo.it\/wordpress\/?page_id=1070"},"modified":"2024-02-02T16:06:13","modified_gmt":"2024-02-02T15:06:13","slug":"contatti","status":"publish","type":"page","link":"http:\/\/www.auroratrezzo.it\/wordpress\/contatti\/","title":{"rendered":"Contatti"},"content":{"rendered":"<p style=\"text-align: center;\"><img decoding=\"async\" src=\"http:\/\/www.auroratrezzo.it\/wordpress\/wp-content\/uploads\/2014\/12\/clipart-mail_boy.png\" alt=\"Mail Boy\" \/><\/p>\n<p style=\"text-align: center;\"><span style=\"font-size: 20px;\">Se volete contattarci <\/span><\/p>\n<p style=\"text-align: center;\"><span style=\"font-size: 20px;\">per qualunque informazione, scriveteci a:<\/span><\/p>\n<p style=\"text-align: center;\"><strong>Sede<\/strong>: Via Pietro Nenni, 4 Aperta tutti i Luned\u00ec dalle 16,30 alle 18,30<br data-rich-text-line-break=\"true\" \/><strong>Cell<\/strong>: 3714122505 dal Luned\u00ec al Venerd\u00ec: 18:00 &#8211; 19:00<\/p>\n<p style=\"text-align: center;\"><span style=\"font-size: 24px;\"><a href=\"mailto:info@auroratrezzo.it\">info@auroratrezzo.it<\/a><\/span><\/p>\n","protected":false},"excerpt":{"rendered":"<p>Se volete contattarci per qualunque informazione, scriveteci a: Sede: Via Pietro Nenni, 4 Aperta tutti i Luned\u00ec dalle 16,30 alle 18,30Cell: 3714122505 dal Luned\u00ec al Venerd\u00ec: 18:00 &#8211; 19:00 info@auroratrezzo.it<\/p>\n","protected":false},"author":1,"featured_media":0,"parent":0,"menu_order":0,"comment_status":"closed","ping_status":"open","template":"","meta":{"_exactmetrics_skip_tracking":false,"_exactmetrics_sitenote_active":false,"_exactmetrics_sitenote_note":"","_exactmetrics_sitenote_category":0,"footnotes":""},"class_list":["post-1070","page","type-page","status-publish","hentry"],"_links":{"self":[{"href":"http:\/\/www.auroratrezzo.it\/wordpress\/wp-json\/wp\/v2\/pages\/1070","targetHints":{"allow":["GET"]}}],"collection":[{"href":"http:\/\/www.auroratrezzo.it\/wordpress\/wp-json\/wp\/v2\/pages"}],"about":[{"href":"http:\/\/www.auroratrezzo.it\/wordpress\/wp-json\/wp\/v2\/types\/page"}],"author":[{"embeddable":true,"href":"http:\/\/www.auroratrezzo.it\/wordpress\/wp-json\/wp\/v2\/users\/1"}],"replies":[{"embeddable":true,"href":"http:\/\/www.auroratrezzo.it\/wordpress\/wp-json\/wp\/v2\/comments?post=1070"}],"version-history":[{"count":2,"href":"http:\/\/www.auroratrezzo.it\/wordpress\/wp-json\/wp\/v2\/pages\/1070\/revisions"}],"predecessor-version":[{"id":5073,"href":"http:\/\/www.auroratrezzo.it\/wordpress\/wp-json\/wp\/v2\/pages\/1070\/revisions\/5073"}],"wp:attachment":[{"href":"http:\/\/www.auroratrezzo.it\/wordpress\/wp-json\/wp\/v2\/media?parent=1070"}],"curies":[{"name":"wp","href":"https:\/\/api.w.org\/{rel}","templated":true}]}}